{"id":8388,"date":"2025-04-02T14:25:28","date_gmt":"2025-04-02T12:25:28","guid":{"rendered":"https:\/\/operetesteatris.lv\/festivals\/iv-internationales-operettenfestival\/musikalisches-gesprach-bei-einer-tasse-kaffee\/"},"modified":"2025-06-10T10:25:32","modified_gmt":"2025-06-10T08:25:32","slug":"musikalisches-gesprach-bei-einer-tasse-kaffee","status":"publish","type":"festivals","link":"https:\/\/operetesteatris.lv\/de\/feste\/iv-internationales-operettenfestival\/musikalisches-gesprach-bei-einer-tasse-kaffee\/","title":{"rendered":"Musikalisches Gespr\u00e4ch bei einer Tasse Kaffee"},"content":{"rendered":"\n<p>Ein informeller und herzlicher Musikabend erwartet Sie w\u00e4hrend des 4. Internationalen Operettenfestivals, wenn das Ik\u0161\u0137ile Volkshaus einen \u201eMusikalischen Gespr\u00e4chsabend bei einer Tasse Kaffee\u201c &#8211; ein Konzert-Gespr\u00e4ch-Diskussion mit besonderer Note &#8211; veranstaltet. <\/p>\n\n<p>Die Besucher haben die Gelegenheit, eine besondere Atmosph\u00e4re an runden Tischen zu genie\u00dfen, wo sich funkelnde Musik, pers\u00f6nliche Gespr\u00e4che und tiefgr\u00fcndige Fragen \u00fcber die Vielfalt des Musiktheaters vermischen werden.<\/p>\n\n<p>Mariana Bodnar (Sopran), Agia Ozolina-Kozlovska (Pianistin) und weitere ukrainische K\u00fcnstler des Kiewer Akademischen Staatsoperettentheaters werden auftreten. Der junge, talentierte Musiker Adam Vaicis (Gitarre) wird ab 18.30 Uhr die Atmosph\u00e4re des Abends zum Schwingen bringen.  <\/p>\n\n<p>Das Konzert-Gespr\u00e4ch-Diskussion wird von der Musikwissenschaftlerin Inga Stankevi\u010da moderiert, w\u00e4hrend k\u00f6stlicher Kaffee und s\u00fc\u00dfe Leckereien (im Ticketpreis inbegriffen) von den Kooperationspartnern des Theaters &#8211; \u201eFazer\u201c, \u201eE.G.I. veikalu Kafija\u201c, \u201eIk\u0161\u0137iles sald\u0113jums\u201c, Ogre \u201eSier\u0161telle\u201c und \u201eGemoss\u201c &#8211; bereitgestellt werden.<\/p>\n\n<p>Das Programm ist ein Mosaik des Musiktheaters mit franz\u00f6sischer, englischer, ukrainischer, \u00f6sterreichisch-ungarischer, italienischer, spanischer und amerikanischer Musik.<\/p>\n\n<p>Die Veranstaltung ist Teil des Projekts <em>Mosaik des Musiktheaters<\/em> und wird mit Kofinanzierung des Europ\u00e4ischen Sozialfonds-Projekts \u201eUnterst\u00fctzung f\u00fcr Soziales Unternehmertum\u201c und der staatlichen Finanzinstitution \u201eAltum\u201c organisiert. <\/p>\n","protected":false},"featured_media":8389,"parent":8331,"menu_order":0,"template":"","class_list":["post-8388","festivals","type-festivals","status-publish","has-post-thumbnail","hentry"],"_links":{"self":[{"href":"https:\/\/operetesteatris.lv\/de\/wp-json\/wp\/v2\/festivals\/8388","targetHints":{"allow":["GET"]}}],"collection":[{"href":"https:\/\/operetesteatris.lv\/de\/wp-json\/wp\/v2\/festivals"}],"about":[{"href":"https:\/\/operetesteatris.lv\/de\/wp-json\/wp\/v2\/types\/festivals"}],"up":[{"embeddable":true,"href":"https:\/\/operetesteatris.lv\/de\/wp-json\/wp\/v2\/festivals\/8331"}],"wp:featuredmedia":[{"embeddable":true,"href":"https:\/\/operetesteatris.lv\/de\/wp-json\/wp\/v2\/media\/8389"}],"wp:attachment":[{"href":"https:\/\/operetesteatris.lv\/de\/wp-json\/wp\/v2\/media?parent=8388"}],"curies":[{"name":"wp","href":"https:\/\/api.w.org\/{rel}","templated":true}]}}

Musikalisches Gespräch bei einer Tasse Kaffee

<p>Ein informeller und herzlicher Musikabend erwartet Sie während des 4. Internationalen Operettenfestivals, wenn das Ikšķile Volkshaus einen „Musikalischen Gesprächsabend bei einer Tasse Kaffee“ &#8211; ein Konzert-Gespräch-Diskussion mit besonderer Note &#8211; veranstaltet. </p>

<p>Die Besucher haben die Gelegenheit, eine besondere Atmosphäre an runden Tischen zu genießen, wo sich funkelnde Musik, persönliche Gespräche und tiefgründige Fragen über die Vielfalt des Musiktheaters vermischen werden.</p>

<p>Mariana Bodnar (Sopran), Agia Ozolina-Kozlovska (Pianistin) und weitere ukrainische Künstler des Kiewer Akademischen Staatsoperettentheaters werden auftreten. Der junge, talentierte Musiker Adam Vaicis (Gitarre) wird ab 18.30 Uhr die Atmosphäre des Abends zum Schwingen bringen.  </p>

<p>Das Konzert-Gespräch-Diskussion wird von der Musikwissenschaftlerin Inga Stankeviča moderiert, während köstlicher Kaffee und süße Leckereien (im Ticketpreis inbegriffen) von den Kooperationspartnern des Theaters &#8211; „Fazer“, „E.G.I. veikalu Kafija“, „Ikšķiles saldējums“, Ogre „Sierštelle“ und „Gemoss“ &#8211; bereitgestellt werden.</p>

<p>Das Programm ist ein Mosaik des Musiktheaters mit französischer, englischer, ukrainischer, österreichisch-ungarischer, italienischer, spanischer und amerikanischer Musik.</p>

<p>Die Veranstaltung ist Teil des Projekts <em>Mosaik des Musiktheaters</em> und wird mit Kofinanzierung des Europäischen Sozialfonds-Projekts „Unterstützung für Soziales Unternehmertum“ und der staatlichen Finanzinstitution „Altum“ organisiert. </p>
